hundred thousands digit of 50615124?
6
What is the ten millions digit of 5658881593?
5
What is the ten thousands digit of 682828694?
2
What is the ten millions digit of 7138709565?
3
What is the tens digit of 134153303?
0
What is the hundred thousands digit of 3185098537?
0
What is the hundred thousands digit of 4150056322?
0
What is the units digit of 265226045?
5
What is the thousands digit of 2248257415?
7
What is the hundred millions digit of 479532179?
4
What is the ten millions digit of 2947101566?
4
What is the hundred thousands digit of 61576481?
5
What is the tens digit of 37370044?
4
What is the hundreds digit of 1723873559?
5
What is the units digit of 4974070274?
4
What is the millions digit of 292161199?
2
What is the hundreds digit of 89313331?
3
What is the thousands digit of 520072993?
2
What is the ten thousands digit of 362430470?
3
What is the millions digit of 57001232?
7
What is the ten thousands digit of 377714598?
1
What is the hundred thousands digit of 132824068?
8
What is the hundreds digit of 387335592?
5
What is the hundreds digit of 572067910?
9
What is the units digit of 3990455300?
0
What is the thousands digit of 498075340?
5
What is the thousands digit of 965730226?
0
What is the hundred millions digit of 5159678840?
1
What is the thousands digit of 16932892?
2
What is the hundred thousands digit of 2135649388?
6
What is the units digit of 817038479?
9
What is the hundreds digit of 2404539?
5
What is the millions digit of 127326793?
7
What is the hundred thousands digit of 852819369?
8
What is the units digit of 11477169?
9
What is the hundreds digit of 50553937?
9
What is the tens digit of 331219416?
1
What is the units digit of 2596015241?
1
What is the hundred millions digit of 2969100484?
9
What is the thousands digit of 178127739?
7
What is the hundred millions digit of 488274198?
4
What is the millions digit of 84230859?
4
What is the ten millions digit of 73308907?
7
What is the hundred thousands digit of 259343025?
3
What is the hundreds digit of 55310150?
1
What is the hundred thousands digit of 505813889?
8
What is the tens digit of 3313782545?
4
What is the ten millions digit of 35368422?
3
What is the units digit of 155432425?
5
What is the hundreds digit of 4980073?
0
What is the ten millions digit of 266987461?
6
What is the ten millions digit of 164873951?
6
What is the ten millions digit of 55390991?
5
What is the thousands digit of 2237575?
7
What is the thousands digit of 264628739?
8
What is the hundred thousands digit of 3545060213?
0
What is the units digit of 232817893?
3
What is the thousands digit of 637006161?
6
What is the units digit of 867916567?
7
What is the units digit of 4348482844?
4
What is the units digit of 327579367?
7
What is the units digit of 310685672?
2
What is the ten millions digit of 78134971?
7
What is the billions digit of 3785966065?
3
What is the ten millions digit of 7485112586?
8
What is the hundred thousands digit of 66814010?
8
What is the hundreds digit of 37376158?
1
What is the hundreds digit of 2544496866?
8
What is the hundred millions digit of 2593589748?
5
What is the ten thousands digit of 3977284544?
8
What is the hundreds digit of 964866790?
7
What is the hundred millions digit of 1415942198?
4
What is the ten millions digit of 222069643?
2
What is the hundred thousands digit of 1586462598?
4
What is the tens digit of 28899275?
7
What is the ten millions digit of 20794186?
2
What is the tens digit of 96538793?
9
What is the millions digit of 149852884?
9
What is the thousands digit of 67529178?
9
What is the tens digit of 3694356340?
4
What is the millions digit of 5013212410?
3
What is the units digit of 1659633196?
6
What is the units digit of 59392765?
5
What is the units digit of 747062151?
1
What is the hundreds digit of 11664559?
5
What is the ten thousands digit of 229093908?
9
What is the ten millions digit of 35702009?
3
What is the ten thousands digit of 51631834?
3
What is the ten thousands digit of 121769340?
6
What is the hundreds digit of 3579426623?
6
What is the tens digit of 477672488?
8
What is the billions digit of 7328118737?
7
What is the tens digit of 15322642?
4
What is the hundreds digit of 1312408213?
2
What is the hundreds digit of 241031390?
3
What is the millions digit of 764922814?
4
What is the ten millions digit of 31926233?
3
What is the millions digit of 313879810?
3
What is the units digit of 150440272?
2
What is the hundreds digit of 48628651?
6
What is the hundred thousands digit of 332346875?
3
What is the ten thousands digit of 273068077?
6
What is the tens digit of 811232226?
2
What is the ten millions digit of 461796729?
6
What is the hundreds digit of 662891991?
9
What is the millions digit of 1554677118?
4
What is the ten thousands digit of 2587210312?
1
What is the units digit of 1132746550?
0
What is the ten thousands digit of 46746613?
4
What is the millions digit of 99093051?
9
What is the hundreds digit of 1319256715?
7
What is the hundred thousands digit of 146915302?
9
What is the hundreds digit of 109643194?
1
What is the ten thousands digit of 898781574?
8
What is the millions digit of 601585015?
1
What is the units digit of 21860729?
9
What is the tens digit of 48531076?
7
What is the thousands digit of 52466084?
6
What is the millions digit of 570668961?
0
What is the hundred thousands digit of 10375188?
3
What is the billions digit of 3749403276?
3
What is the ten thousands digit of 99328652?
2
What is the units digit of 269364093?
3
What is the ten thousands digit of 3687703435?
0
What is the ten thousands digit of 2616918819?
1
What is the tens digit of 1465190300?
0
What is the millions digit of 1588967123?
8
What is the tens digit of 4877303621?
2
What is the millions digit of 17559872?
7
What is the thousands digit of 38178079?
8
What is the tens digit of 1093564796?
9
What is the ten millions digit of 602132186?
0
What is the hundreds digit of 1878167359?
3
What is the hundred millions digit of 919257972?
9
What is the thousands digit of 5580832?
0
What is the millions digit of 1341722476?
1
What is the millions digit of 14946010?
4
What is the tens digit of 3216668?
6
What is the hundred thousands digit of 966737438?
7
What is the ten thousands digit of 25586748?
8
What is the tens digit of 30780161?
6
What is the tens digit of 65423877?
7
What is the millions digit of 1181864137?
1
What is the hundred thousands digit of 89701473?
7
What is the tens digit of 35575145?
4
What is the millions digit of 58325896?
8
What is the thousands digit of 429496063?
6
What is the thousands digit of 299681549?
1
What is the hundreds digit of 146968921?
9
What is the ten thousands digit of 2182226769?
2
What is the units digit of 4450285581?
1
What is the ten millions digit of 751137138?
5
What is the thousands digit of 88926790?
6
What is the ten thousands digit of 464977124?
7
What is the units digit of 3655504?
4
What is the tens digit of 854857?
5
What is the ten millions digit of 2791399213?
9
What is the hundreds digit of 720647536?
5
What is the hundred thousands digit of 1321988957?
9
What is the millions digit of 22933795?
2
What is the hundreds digit of 383223246?
2
What is the billions digit of 5260114390?
5
What is the hundred millions digit of 1107499841?
1
What is the millions digit of 16902103?
6
What is the hundreds digit of 14274152?
1
What is the ten millions digit of 3899309528?
9
What is the thousands digit of 170640945?
0
What is the units digit of 272106455?
5
What is the hundred millions digit of 3790978651?
7
What is the ten thousands digit of 11292473?
9
What is the ten millions digit of 43631984?
4
What is the thousands digit of 2190912442?
2
What is the tens digit of 1033004?
0
What is the hundred thousands digit of 2812293869?
2
What is the tens digit of 46864697?
9
What is the hundreds digit of 361548473?
4
What is the ten thousands digit of 100247252?
4
What is the units digit of 207215400?
0
What is the hundred millions digit of 233693921?
2
What is the tens digit of 1487734662?
6
What is the thousands digit of 1398144647?
4
What is the millions digit of 62236324?
2
What is the ten thousands digit of 515872492?
7
What is the thousands digit of 53457216?
7
What is the un